ghest common divisor of b and j.
25
Suppose 40 = -x + 124. Suppose 153 = 4*a + 3*w, -3 = -5*a - 2*w + 197. Calculate the highest common factor of a and x.
42
Let f be (2*(-3)/12)/((-33)/69366). Let o = -719 + f. What is the highest common divisor of o and 249?
83
Suppose 5*q - 4*s - 24 = 0, -s + 19 = 4*q + 4. Let f be -4*q/(-16)*1. What is the highest common factor of f and 31?
1
Let p(g) = -97*g + 222. Let r be p(2). What is the greatest common divisor of 1743 and r?
7
Let u(w) = 80*w**2 - 63*w - 16. Let o be u(8). Calculate the highest common factor of o and 184.
184
Let t(l) = 2*l**2 - 11*l - 6. Let s(y) = 13*y**3 + y**2 - y. Let u be s(1). Let h be t(u). Calculate the highest common factor of h and 27.
27
Suppose -2*c + 3*c = 5*l - 10, -c = -5. Suppose -l*y + 5*y - 90 = 0. Let d be (30/(-7))/(12/(-42)). What is the highest common factor of d and y?
15
Let j(b) = 282*b**2 - 62*b + 445. Let y be j(6). Calculate the highest common divisor of 25 and y.
25
Let d = 20393 + -12584. What is the highest common factor of d and 114?
57
Suppose -467 - 353 = -a - 3*u, -4*a + 4*u + 3136 = 0. What is the highest common divisor of a and 130?
13
Suppose 4*s - 3967 = -3*z - 2*z, -3*z + 2379 = 3*s. What is the highest common divisor of 75 and z?
15
Let b be 4333/42*-8*312/(-32). What is the greatest common factor of 13 and b?
13
Let y be 4*(135/(-252) - 4/(-14)). Let m be y*(12/4 - (-44)/(-4)). Suppose -m + 29 = 3*z. Calculate the greatest common divisor of z and 77.
7
Let x be 41390/45 + 54/243. Calculate the highest common factor of 46 and x.
46
Let k = 4866 - 4722. What is the greatest common factor of 408 and k?
24
Suppose -12*j = 2*l - 14*j + 1068, 5*j = -3*l - 1594. Let n = -247 - l. What is the highest common factor of 11 and n?
11
Let a be 0 - -1*1*(1 + -1). Suppose 0 = 4*y + 5*u - 26 + 2, -y + 4*u - 15 = a. Calculate the greatest common factor of y and 19.
1
Suppose -13*z + 3628 = -1572. Calculate the highest common divisor of z and 640.
80
Let l(q) = -q**2 + 32*q - 18. Let d be l(31). Suppose -4*h - 40 = -9*h. Suppose h*c + 330 = d*c. Calculate the greatest common divisor of 165 and c.
33
Let p be ((-12)/64*-4)/((-111)/(-7252)). Calculate the highest common divisor of 784 and p.
49
Let a be (8 + 8901 - 1*-6)*756/140. Calculate the greatest common factor of 27 and a.
27
Let b(p) = p**3 - 10*p**2 + 2*p - 10. Let x be b(10). Suppose -8*c = -9*c + x. Let d = c - -18. Calculate the highest common factor of d and 42.
14
Let u(a) = -6*a**2 - 76*a + 82. Let g be u(-9). What is the greatest common divisor of 504 and g?
56
Let t be (5/(-10))/(15/(-8700)). Calculate the greatest common factor of 10 and t.
10
Let q be -2 + 119 - 7/(-7). Let k = -61 + q. Calculate the greatest common divisor of 456 and k.
57
Suppose -54*r + 834 = -3162. Calculate the highest common factor of 1813 and r.
37
Let b(k) = 22 + 3*k**2 + 4*k - 7 - 7 - 15. Suppose 2 - 9 = -w. Let y be b(w). What is the greatest common divisor of 21 and y?
21
Let k be (-2)/9 - (-5334)/189. What is the highest common factor of 2324 and k?
28
Let k be ((-1536)/(-4))/4 + -4. Suppose 0 = -87*p + k*p - 20. Let o = -41 - -51. What is the highest common factor of o and p?
2
Suppose -29*f = -4*l - 31*f + 146, -3*l + 107 = 2*f. Let v be (0 - 1/(-2))*7150/11. What is the greatest common factor of v and l?
13
Let j be ((-1220)/(-70) - 4)/((-2)/(-154)). What is the highest common divisor of 99 and j?
11
Suppose 534*o - 6891819 = -1999311. Calculate the highest common factor of o and 36.
18
Let r(j) = j**3 + 20*j**2 - 25*j - 83. Let k be r(-21). What is the highest common divisor of 101 and k?
1
Suppose 20*x - 121279 = -12*x - 38335. What is the highest common factor of x and 2754?
162
Let r be 2*349*(-4)/8. Let z = 539 + r. Let l = 26800 + -26724. What is the greatest common divisor of z and l?
38
Let l be 48*(-122)/(-38) - (-24)/(-228). What is the highest common factor of 42 and l?
14
Let t(q) = -3619*q + 1627. Let d be t(-5). What is the greatest common divisor of 38 and d?
38
Suppose 0 = 5*l - 5, 3*w = -0*l + 2*l + 163. Suppose -w*r = -59*r + 748. Suppose -5*v + 268 = -r. Calculate the greatest common factor of 26 and v.
13
Let c(g) = -618*g + 5223. Let d be c(-3). Calculate the highest common factor of 105 and d.
21
Let u = -125 + 122. Let j be 527/(u/4*(-16)/12). What is the highest common divisor of j and 68?
17
Suppose 0 = -7*z + 35 + 21. Suppose z*p = -2*p + 570. Let a = p + -32. Calculate the highest common factor of 50 and a.
25
Let r(k) = k**3 - 8*k**2 + 17*k - 5. Let v be r(5). Suppose -v*w = -2*q - 410, 4*w + 5*q - 135 = 2*w. What is the highest common factor of w and 48?
16
Suppose -a - 3*d = -270, -441 - 413 = -3*a + 2*d. Let r = a + 100. Let j = r + -263. What is the greatest common divisor of 17 and j?
17
Let f = 13 - -20. Let j = -5341 + 5344. What is the greatest common divisor of j and f?
3
Let x = -82 - -84. Suppose -x*d + 6 = 2*h, h + 0 = 3. Suppose 0 = -u - 3*f + 33, 5*u + 4*f + 0*f - 220 = d. Calculate the greatest common divisor of u and 12.
12
Suppose 0 = -5*p - 20, -x + p + 30 = -11. Let f(q) = -2*q**2 + q**2 + 44*q - x*q + 28. Let h be f(0). What is the highest common factor of h and 21?
7
Let t be (-7)/9 - ((-2)/(-9))/1. Let b(f) = -32*f**3 - 2*f**2 + f + 2. Let c be b(t). Calculate the greatest common factor of c and 124.
31
Suppose g = 297 - 89. Suppose -4*n = -s - 523, -508 = -4*n - 16*s + 12*s. What is the highest common factor of g and n?
26
Let t be -3 + ((-28)/(-56))/((-1)/(-14)). Suppose t*d + 1896 = 2016. Calculate the highest common factor of 70 and d.
10
Suppose -c + 2*c - 60 = 0. Let z be ((-2 + 8)/3)/(-2 + 3). Suppose 121 = 4*g + 5*k, g - 21 = -z*k + 13. What is the highest common divisor of c and g?
12
Let w be (-11)/(-3)*6/1. Let a be (-4)/(-22) - ((-388)/w)/2. Calculate the highest common divisor of a and 3.
3
Let l(v) = -v**2 - v - 1. Let o(i) = i**2 + 11*i - 1. Let z(b) = -6*l(b) - 2*o(b). Let g be z(5). What is the greatest common divisor of g and 4?
4
Suppose -11*j - 150 = -61*j. Let x be (0 + 2 - (6 - 16)) + j. Calculate the greatest common factor of 540 and x.
15
Suppose 2*z + 5*n - 1302 = 0, 0 = -22*z + 24*z - 4*n - 1302. Calculate the greatest common factor of z and 1155.
21
Suppose -5*c + 13101 = h, -197*h - 13021 = -198*h + 5*c. What is the greatest common divisor of h and 74?
37
Let n(i) = -78*i - 356. Let z be n(-5). Let t be (-1 - 1)*(9 - z). Calculate the highest common factor of t and 20.
10
Suppose -146 = -5*t + b, 5*t = 5*b + 81 + 49. Let q(n) = n**2 - 21*n + 213. Let v be q(9). What is the highest common divisor of v and t?
15
Suppose 0 = -2*p - 3 + 7. Suppose -p*f + f + 8 = 0. Suppose 3*n + 11730 = 11748. What is the highest common divisor of n and f?
2
Let a = 36 - 33. Suppose 2*w - 23 = 2*h + 11, a*h = w - 15. Let x be 0 + (w/4)/((-9)/(-24)). What is the greatest common factor of x and 18?
6
Let q be ((-28)/(-21) + -2)/((-8)/2964). Calculate the highest common divisor of q and 91.
13
Let n(g) = -2*g**3 - 7*g**2 + 12*g + 4. Let c be n(-6). Let v be 4/(-18) - (-1606)/99. Let z be (v/2)/(3/6). Calculate the highest common divisor of c and z.
16
Suppose 10*h - 13*h - 4*k = -5654, -7532 = -4*h - 7*k. What is the greatest common divisor of h and 3?
3
Let r = -45 - 13. Let h = -44 - r. Let n be (-4)/2*140/(-8). Calculate the highest common factor of n and h.
7
Let o = -12881 + 13011. Calculate the highest common factor of 4160 and o.
130
Suppose 5*p = 5*d - 9*d + 1210, 5*d - 2*p - 1496 = 0. What is the greatest common divisor of 76 and d?
4
Let q = 13008 + -12972. Let a(c) = 48*c - 6. Let f be a(5). What is the greatest common divisor of q and f?
18
Let x = 184 + -233. Let a = x - -109. Calculate the highest common divisor of a and 12.
12
Suppose -47*y - 112 + 1240 = 0. Calculate the greatest common divisor of y and 92.
4
Let w be (86190/(-182) + 17)/(2/(-21)). Calculate the greatest common factor of 94 and w.
94
Let x(g) be the first derivative of 11*g**3/3 - 15*g**2/2 + 44*g - 160. Let u be x(3). Suppose 5*w = 88 + 157. What is the greatest common factor of u and w?
49
Suppose 3*t + 2*z = 24, -6*z + 11*z = 3*t - 45. Suppose 14*s = t*s + 56. Calculate the highest common divisor of 42 and s.
14
Let c be (5/4)/(-5) - (-24)/(-32). Let m = c + 48. Let a 